tors of 17934?
2, 3, 7, 61
What are the prime factors of 144042?
2, 3, 24007
What are the prime factors of 227992?
2, 28499
List the prime factors of 36775.
5, 1471
List the prime factors of 431827.
11, 37, 1061
List the prime factors of 1278097.
1278097
What are the prime factors of 2287624?
2, 285953
What are the prime factors of 7960196?
2, 853, 2333
What are the prime factors of 135151?
135151
What are the prime factors of 83396?
2, 20849
List the prime factors of 939446.
2, 469723
What are the prime factors of 2245145?
5, 7, 23, 2789
List the prime factors of 3529125.
3, 5, 3137
What are the prime factors of 1226388?
2, 3, 102199
List the prime factors of 1968238.
2, 984119
List the prime factors of 2442341.
11, 239, 929
List the prime factors of 175028.
2, 7, 19, 47
List the prime factors of 7063807.
7063807
List the prime factors of 41292.
2, 3, 31, 37
What are the prime factors of 400124?
2, 67, 1493
What are the prime factors of 4059039?
3, 17, 79589
List the prime factors of 652429.
652429
What are the prime factors of 208882?
2, 71, 1471
What are the prime factors of 744009?
3, 7, 71, 499
What are the prime factors of 1225616?
2, 7, 31, 353
What are the prime factors of 1737305?
5, 23, 15107
List the prime factors of 5691318.
2, 3, 79, 12007
List the prime factors of 243876.
2, 3, 20323
What are the prime factors of 3662546?
2, 1831273
List the prime factors of 190319.
83, 2293
List the prime factors of 3076709.
3076709
What are the prime factors of 4415078?
2, 2207539
What are the prime factors of 30645441?
3, 17, 200297
What are the prime factors of 2171974?
2, 7, 37, 599
What are the prime factors of 708551?
79, 8969
What are the prime factors of 661248?
2, 3, 7, 41
List the prime factors of 800316.
2, 3, 11, 43, 47
What are the prime factors of 1259875?
5, 10079
List the prime factors of 1636814.
2, 631, 1297
List the prime factors of 10398563.
7, 991, 1499
What are the prime factors of 4752742?
2, 2376371
List the prime factors of 1277108.
2, 7, 17, 2683
List the prime factors of 9754593.
3, 43, 75617
List the prime factors of 266791.
7, 38113
What are the prime factors of 59939?
11, 5449
What are the prime factors of 411815?
5, 23, 3581
What are the prime factors of 32297618?
2, 67, 241027
List the prime factors of 3264635.
5, 11, 59357
What are the prime factors of 290010?
2, 3, 5, 7, 1381
What are the prime factors of 5015548?
2, 1253887
List the prime factors of 272755.
5, 7, 7793
List the prime factors of 11235015.
3, 5, 11, 22697
List the prime factors of 6061915.
5, 269, 4507
List the prime factors of 1387192.
2, 317, 547
What are the prime factors of 506844?
2, 3, 13, 19
What are the prime factors of 7224954?
2, 3, 11, 109469
List the prime factors of 354581.
354581
What are the prime factors of 19251877?
37, 59, 8819
List the prime factors of 599690.
2, 5, 7, 13, 659
What are the prime factors of 5654664?
2, 3, 47, 557
List the prime factors of 8869579.
8869579
What are the prime factors of 2308248?
2, 3, 32059
List the prime factors of 185976.
2, 3, 7, 41
What are the prime factors of 493793?
493793
List the prime factors of 863927.
661, 1307
What are the prime factors of 250660?
2, 5, 83, 151
What are the prime factors of 841811?
43, 19577
List the prime factors of 602696.
2, 75337
List the prime factors of 1811859.
3, 7, 19, 239
What are the prime factors of 142712?
2, 17839
What are the prime factors of 111469?
17, 79, 83
List the prime factors of 2180937.
3, 11, 66089
List the prime factors of 3740154.
2, 3, 11, 61, 929
List the prime factors of 90773.
43, 2111
What are the prime factors of 1116384?
2, 3, 29, 401
List the prime factors of 224432.
2, 13, 83
What are the prime factors of 320952?
2, 3, 43, 311
What are the prime factors of 2309826?
2, 3, 61, 6311
List the prime factors of 423739.
31, 13669
What are the prime factors of 564690?
2, 3, 5, 7, 2689
List the prime factors of 72999.
3, 8111
What are the prime factors of 386708?
2, 7, 1973
List the prime factors of 134295.
3, 5, 7, 1279
List the prime factors of 207776.
2, 43, 151
What are the prime factors of 18127641?
3, 7, 269, 3209
What are the prime factors of 3038790?
2, 3, 5, 101293
List the prime factors of 16511315.
5, 41, 239, 337
What are the prime factors of 9421731?
3, 11, 31723
What are the prime factors of 5454852?
2, 3, 13, 73, 479
What are the prime factors of 35781736?
2, 17, 263101
List the prime factors of 1887794.
2, 23, 41039
List the prime factors of 132052.
2, 33013
What are the prime factors of 5434767?
3, 13, 46451
List the prime factors of 664740.
2, 3, 5, 1231
What are the prime factors of 271128?
2, 3, 11, 13, 79
List the prime factors of 1760126.
2, 29, 30347
List the prime factors of 24619.
7, 3517
What are the prime factors of 1506579?
3, 29, 17317
List the prime factors of 2922630.
2, 3, 5, 37, 2633
What are the prime factors of 15491272?
2, 139, 13931
What are the prime factors of 38463868?
2, 37, 293, 887
List the prime factors of 2537882.
2, 631, 2011
List the prime factors of 2586352.
2, 109, 1483
List the prime factors of 355755.
3, 5, 37, 641
List the prime factors of 2869942.
2, 37, 38783
List the prime factors of 236892.
2, 3, 19, 1039
List the prime factors of 70493.
157, 449
What are the prime factors of 277791?
3, 29, 31, 103
List the prime factors of 352265.
5, 47, 1499
What are the prime factors of 8724771?
3, 11, 88129
What are the prime factors of 77150?
2, 5, 1543
List the prime factors of 610093.
11, 37, 1499
List the prime factors of 11441446.
2, 103, 55541
List the prime factors of 2832468.
2, 3, 193, 1223
What are the prime factors of 160639?
160639
What are the prime factors of 379402?
2, 189701
List the prime factors of 738197.
738197
List the prime factors of 7323739.
311, 23549
What are the prime factors of 7589850?
2, 3, 5, 50599
What are the prime factors of 12053837?
12053837
What are the prime factors of 198096?
2, 3, 4127
What are the prime factors of 1448881?
7, 29569
What are the prime factors of 541332?
2, 3, 11, 1367
List the prime factors of 210599.
210599
List the prime factors of 743947.
743947
What are the prime factors of 194189?
23, 8443
What are the prime factors of 12968009?
103, 137, 919
What are the prime factors of 6735607?
2237, 3011
List the prime factors of 8050839.
3, 2683613
List the prime factors of 132632.
2, 59, 281
List the prime factors of 2670749.
2670749
List the prime factors of 779295.
3, 5, 11, 4723
List the prime factors of 2289685.
5, 97, 4721
List the prime factors of 70118.
2, 35059
List the prime factors of 73786.
2, 79, 467
List the prime factors of 15319.
15319
What are the prime factors of 6272496?
2, 3, 43, 1013
List the prime factors of 8216111.
8216111
List the prime factors of 1407661.
1407661
What are the prime factors of 266930?
2, 5, 26693
List the prime factors of 1695103.
43, 79, 499
List the prime factors of 838779.
3, 279593
What are the prime factors of 7189643?
43, 61, 2741
List the prime factors of 581209.
59, 9851
What are the prime factors of 5149847?
5149847
List the prime factors of 1705260.
2, 3, 5, 97, 293
List the prime factors of 1123918.
2, 23, 53, 461
List the prime factors of 849353.
849353
List the prime factors of 599084.
2, 149771
List the prime factors of 29033217.
3, 787, 4099
What are the prime factors of 1397953?
1397953
What are the prime factors of 5513980?
2, 5, 275699
List the prime factors of 265235.
5, 53047
List the prime factors of 186099.
3, 17, 41, 89
What are the prime factors of 15831472?
2, 989467
List the prime factors of 830747.
83, 10009
What are the prime factors of 143254?
2, 41, 1747
What are the prime factors of 17409152?
2, 43, 3163
List the prime factors of 244452.
2, 3, 13, 1567
What are the prime factors of 141038?
2, 97, 727
What are the prime factors of 14729060?
2, 5, 61, 12073
What are the prime factors of 456320?
2, 5, 23, 31
What are the prime factors of 1735494?
2, 3, 289249
List the prime factors of 427234.
2, 19, 11243
List the prime factors of 392487.
3, 130829
List the prime factors of 1585391.
1213, 1307
List the prime factors of 39527374.
2, 241, 82007
What are the prime factors of 5615318?
2, 2807659
List the prime factors of 150971.
223, 677
What are the prime factors of 2115974?
2, 7,